4?
7
Let z(q) = 2*q - 4. Let i be z(11). Let r be (-44)/10*(-45)/i. What is the highest common divisor of r and 11?
11
Let t be (10/(-25))/(345/350 + -1). What is the highest common factor of 20 and t?
4
Let i be (-4)/(-12)*5/((-35)/(-84)). What is the highest common factor of 236 and i?
4
Let z(x) = 55*x + 20. Let c be z(4). What is the highest common factor of 60 and c?
60
Suppose 0 = 8*w - 889 - 1119. Let p = -156 + w. What is the greatest common divisor of 19 and p?
19
Let y(b) = 2*b**2 - 3*b - 3. Suppose 4*g = 5*v + 8, 4*g - 3 - 5 = 4*v. Let s = v + 3. Let t be y(s). Calculate the highest common divisor of t and 1.
1
Suppose 46*l - 50 = 21*l. Calculate the greatest common divisor of 18 and l.
2
Let m be ((-135)/12)/(4 + 68/(-16)). Suppose g = 4*g - m. Calculate the highest common factor of 3 and g.
3
Let m(w) = w + 33. Let j = 11 - 11. Let x be m(j). Suppose -4*b = 4, 2*s + x = 4*s + 3*b. Calculate the highest common divisor of s and 9.
9
Let n(s) = -33*s - 3. Suppose -3*d + 2*d - 2 = 0. Let r be n(d). Suppose 42 = 5*t - 3. Calculate the highest common factor of r and t.
9
Suppose 0 = -5*i - 5*m + 1455, 3*m + 1149 = 4*i + 2*m. Suppose -u + 2*t = -2*u + 26, -5*u + 195 = -3*t. What is the highest common divisor of i and u?
36
Suppose 476 = 4*m - 4*c, -5*m - c + 109 + 492 = 0. Let d = m + -32. What is the greatest common divisor of d and 8?
8
Suppose 2*f - 30 + 84 = 0. Let q = f - -22. Let d(g) = g**3 + 6*g**2 + 4*g + 5. Let u be d(q). Calculate the greatest common factor of u and 25.
5
Let t(j) = 5*j**2 - 2*j + 5. Let w be t(5). Suppose -w = -5*u - 2*z, -4*u + 20 = 2*z - 74. What is the highest common divisor of 65 and u?
13
Let n be -19 + 16 - (-6 - -1). Suppose -6 = -0*v - n*v, m - 3*v - 61 = 0. Calculate the highest common divisor of 28 and m.
14
Suppose 25*l - 1518 = 107. Calculate the highest common factor of 26 and l.
13
Let j be 10*(-8)/10*5/(-10). Suppose 0 = -j*w - 2*n + 5*n + 91, 5*w + n = 128. Calculate the highest common divisor of w and 10.
5
Let u(l) = l**3 - 8*l**2 + 11*l + 6. Let z be u(5). Let h = z + 24. Let o be (154/55)/(1/h). Calculate the greatest common factor of o and 7.
7
Let h be 3/9*3 + 8 + -6. What is the greatest common factor of h and 17?
1
Let d = -57 - -43. Let w(z) = -2*z**2 - 29*z - 5. Let r be w(d). Suppose 0 = -x - 8 + 17. What is the highest common divisor of r and x?
9
Let f(c) = -c + 2. Let o be f(1). Let j = -1296 + 1303. Calculate the highest common divisor of j and o.
1
Suppose -3*u + 2 = -4. Suppose -u*r = -120 + 8. Let t be (-6 - -2)/(4/(-8)). Calculate the greatest common factor of t and r.
8
Suppose 5*t - 445 = -165. Calculate the highest common divisor of t and 56.
56
Let j be (-1)/(19/(-2)) - (-10425)/57. What is the highest common factor of 61 and j?
61
Let c = 37 + 38. What is the greatest common divisor of 75 and c?
75
Let r be (1 - 0)*0 - -64. Suppose -5*v = 111 + r. Let l be (28/v)/(4/(-50)). What is the highest common divisor of 4 and l?
2
Suppose 0*x + 5*x - 4*q - 384 = 0, 0 = 2*x - 3*q - 148. Let z be -2*(4 - (11 + -2)). Calculate the highest common factor of x and z.
10
Let o(w) = 6*w**2 + 7*w - 6. Let h be o(-5). Let y = h + -25. What is the greatest common divisor of y and 12?
12
Let u(w) = -w**2 + 50*w + 552. Let j be u(54). What is the highest common factor of j and 96?
48
Suppose -24*f + 1800 = 6*f. What is the highest common factor of f and 160?
20
Let n be 2/(12/126 + 0). Calculate the highest common factor of n and 147.
21
Suppose -20*d + 69512 = 1432. Calculate the highest common factor of 92 and d.
92
Let n be (-6*(-6)/14)/(12/112). Calculate the highest common factor of n and 264.
24
Suppose 171 = 5*s + 2*w, -s + 2*w = -3*s + 66. Suppose 4*y - 27 = f - 7, 0 = 3*f. Calculate the highest common divisor of s and y.
5
Let n = 996 - 812. What is the greatest common divisor of 16 and n?
8
Suppose -4*q + 2 = -3*q. Let a be 4 - (0 + (-2)/q). Let t(z) = 25*z**2. Let r be t(-1). Calculate the greatest common factor of r and a.
5
Let o = -2235 + 2292. Suppose 5*c = 0, 0*u - 63 = -u + c. Let y = -25 + u. Calculate the greatest common factor of o and y.
19
Suppose 326 = 4*f + 18. Suppose f = 3*o + 29. Suppose 3*c - 156 = 180. Calculate the greatest common factor of c and o.
16
Suppose -5*f - 6 + 56 = 0. Suppose -2*l + 4*l = f, 4*s - 3*l = 73. Let h = 50 - s. Calculate the highest common factor of h and 42.
14
Let c be 4/14*(-35)/(-5). Suppose c*a = -0*a. Suppose -5*k + 21 + 4 = a. Calculate the highest common divisor of k and 35.
5
Let d(z) = -2*z**3 - z**2 + 2*z - 3. Let n be d(-3). Let x = -77 + 131. What is the greatest common factor of x and n?
18
Let b(o) = -o**3 + 4*o**2 - 6*o + 16. Let k be b(2). What is the highest common divisor of k and 2?
2
Let w(x) = -11*x - 329. Let s be w(-32). What is the highest common divisor of 529 and s?
23
Suppose -25 = x + 4*x. Let r = 7 + x. Suppose -4*t + 4 + 12 = 0, -b - r*t = -25. Calculate the greatest common factor of 17 and b.
17
Let n be (-9)/(-27) - 167/(-3). Let m be 7 - (2 - (-4 - -2)). Let z = 11 + m. Calculate the highest common divisor of z and n.
14
Let g(l) = -l**3 - 6*l**2 + 4*l + 2. Let b be g(-4). Let f = -27 - b. What is the greatest common divisor of 76 and f?
19
Let d = -176 - -215. Calculate the highest common factor of d and 52.
13
Let f(q) = -3*q + 47 - 26 - 26 + 2*q**2. Let d be f(7). Calculate the highest common divisor of 8 and d.
8
Let g = 667 - 645. Let x = 3 - 1. Calculate the highest common divisor of x and g.
2
Let p(o) = 3*o**3 - o + 143. Let d be p(0). Calculate the greatest common divisor of 44 and d.
11
Let z(f) = 2*f**3 - 8*f**2 + 6*f - 4. Let y be z(5). What is the highest common divisor of 4 and y?
4
Suppose -5*p - 2*u + 9 = 0, 4*p - u - 1 - 1 = 0. Suppose j - 8 = -p. What is the greatest common factor of 35 and j?
7
Suppose 0 = 5*n + 5*d - 30, -5*n = -n - 4*d - 40. Calculate the highest common factor of 64 and n.
8
Let k = 410 + -122. Calculate the greatest common factor of k and 48.
48
Let g = -12 - 0. Let p = g + 23. What is the highest common factor of 11 and p?
11
Let h = 58 + -40. Suppose 8 = n - 2*n + 5*m, 2*n + 4*m = 12. What is the greatest common factor of h and n?
2
Let l = 130 - 71. Suppose 5*y - l = 111. Calculate the highest common factor of y and 85.
17
Let y be (14/(-8))/((-1)/24). Let l = -1 - -169. Calculate the greatest common factor of y and l.
42
Let a be (0/(-1))/(-8 - -9). Suppose 4*t - 16 - 32 = a. Calculate the highest common divisor of 48 and t.
12
Let f(y) be the second derivative of -421*y**5/20 - y**4/6 - y**3/6 - 7*y. Let n be f(-1). Suppose 4*u + n = 9*u. What is the highest common factor of u and 12?
12
Let l(a) = -2*a**3 - 5*a**2 + a + 7. Let t be l(-3). Suppose 4*h - 5 = -1. Calculate the greatest common factor of t and h.
1
Let d be ((2 - 0) + 0)*6. Let f be 14/3*d/2. Suppose 2574 = 76*h - 2746. Calculate the greatest common factor of f and h.
14
Suppose 8 = -2*s - 16. Let d(u) = u + 8. Let j be d(s). Let p be 46 - (-7)/(7/j). What is the highest common divisor of 105 and p?
21
Let t = -473 - -741. Calculate the highest common factor of 12 and t.
4
Let b(n) = -20*n - 89. Let t be b(-13). What is the highest common factor of t and 57?
57
Suppose -4*j - 44 = -2*d, -2*d + 5*j = -5*d + 121. What is the greatest common factor of d and 48?
16
Suppose 0 = -3*s + 3, -o + 19 = -0*o + 5*s. Suppose 0 = 5*a - 20 - 15. What is the greatest common factor of o and a?
7
Suppose -2*s = -5*t - 205, -3*s + 60 + 111 = -4*t. Let k = t + 17. Let a be -66*(2 - k/(-6)). What is the greatest common divisor of a and 10?
10
Suppose 0 = -25*i + 441 - 91. What is the greatest common factor of 322 and i?
14
Suppose -p + 2*v + v + 26 = 0, -p + 4*v + 26 = 0. Let u = p - 12. Calculate the highest common divisor of u and 14.
14
Suppose -3*v - 4*x = -5*v + 68, -4*v = x - 91. Let b be 40/(v/(-42) + (-23)/(-28)). Calculate the highest common factor of 16 and b.
16
Suppose 5*c + 810 = 7*c + 2*n, 0 = -c - 5*n + 425. Calculate the highest common divisor of c and 10.
10
Let b = 199 - 47. What is the highest common divisor of 19 and b?
19
Suppose -3*t - 2*g = -4, 4*t + t + 2*g = 8. Suppose -3*q + 440 = t*q. What is the highest common factor of q and 11?
11
Suppose 5*b + 101 = 1311. Let i = -522 - -544. Calculate